+ 4 = 0. Suppose 0 = -2*f + 10, t = 3*y - 13*f + 11*f - 1715. What is the units digit of y?
5
Let z = 377 + 228. Suppose -429 - 55 = -4*y + 2*o, 5*y - 5*o = z. What is the hundreds digit of y?
1
Suppose -2*q = 22 + 20. Let f be 6/(-21) + (-258)/q. What is the units digit of (21/(-4))/((-3)/f)?
1
Let y be 91/(-637) - 1/(-7). Let v(w) = -12*w + 111. What is the units digit of v(y)?
1
Let y = -3396 + 5092. Let z be y/(-12)*9/(-6). Suppose -20*l + z = -18*l. What is the units digit of l?
6
Let k = 58 - 51. Suppose -2702 = k*m - 581. Let f = m - -519. What is the units digit of f?
6
What is the thousands digit of 15/(-60) - ((-36440)/48)/((-10)/(-225))?
7
Let v(r) = 696*r - 196. Let u be v(4). Let z = -1118 + u. What is the hundreds digit of z?
4
Let n(j) = 105*j**2 - 53*j - 3. Let g be n(-3). Suppose 0 = -7*h + 544 + g. What is the hundreds digit of h?
2
Suppose 4*j - g = 425 + 581, 4*j = -4*g + 976. What is the units digit of j?
0
Let d = 387 + -375. What is the hundreds digit of (6 - 68/d)*1209?
4
Suppose 0*t + 37270 = 3*t - b, -5*t = 7*b - 62134. What is the thousands digit of t?
2
Let z be (-147)/9 + 2/(-3). Let r(l) = -2*l - 12. Let k be r(-8). What is the units digit of -1 - (z - k/(-1))?
2
Let c(y) = -y**3 - 8*y**2 - 3*y - 19. Let j be c(-8). Suppose 786 = -j*q + 8*q. What is the units digit of q?
2
Suppose -2*o = -8, -4*o = a - 5*a + 4. Suppose -g + 653 = -a*f + 2366, 1027 = 3*f - g. What is the hundreds digit of f?
3
Let q = -4074 + 10759. Suppose 18*c = 14*c + u + 5348, 0 = 5*c - u - q. What is the tens digit of c?
3
Suppose -113*f - 54*f + 6702416 = 225*f. What is the thousands digit of f?
7
Suppose -5*i + 3*o - 22 = 0, -5*i - 3*o - 2*o + 10 = 0. Let h(k) = -79*k**3 - 3*k**2 + k + 2. What is the units digit of h(i)?
0
Suppose 24*b - 4*b = 441770 - 107870. What is the ten thousands digit of b?
1
Suppose -5*n + 904 = 3*d - 179, -4*d = -2*n + 454. Suppose n = 5*f - 4*h - 92, -2*h = -2*f + 126. What is the units digit of f?
9
Let t(s) be the third derivative of -2/3*s**3 - 7/12*s**4 + 0*s + 24*s**2 + 0. What is the units digit of t(-4)?
2
Let j(u) = 16*u - 7. Let g(q) = q**2 - 18*q + 11. Let n be g(18). What is the tens digit of j(n)?
6
Suppose -4*v - q + 8089 = -15503, 7*v - 41286 = -3*q. What is the hundreds digit of v?
8
What is the thousands digit of (-4 - 1338)/(100/(-350))?
4
Suppose 0 = -25*q + 23*q + 6, -5*l + 72707 = -q. What is the tens digit of l?
4
Let s = 44 + -42. Let v be 1 + s + 1 + (4 - 2). Let k(b) = 14*b - 31. What is the units digit of k(v)?
3
Let z = -23 - -18. Let b be ((-58)/z)/((-3)/60*-4). Suppose 9*g + b = 1480. What is the units digit of g?
8
Suppose -2*r + 66 = 4*i, i - 2*r = -4*r + 21. Suppose -10*a = -i*a + 25. Suppose 0*b - b + a*m = -28, 32 = 3*b - 2*m. What is the units digit of b?
8
Let o(m) be the second derivative of 3*m**5/20 - 13*m**4/12 + 31*m**3/3 + 3*m**2/2 + 26*m - 2. What is the hundreds digit of o(7)?
8
Suppose 0 = 11*u - 0*u - 14355. Suppose 163*y - u = 158*y. What is the units digit of y?
1
Let h be ((-2)/4)/(9/1926). Let m = -102 - h. What is the units digit of (-44)/(-110) + 603/m?
1
Let s be 12/(-3) - (0 + -1 - -3). Let y be 1 + (-4 - (s/(-2) + -6)). What is the units digit of 4 + -4 + 223 + y?
3
Let i be 2*(5/25 - (-69)/30). Let k be 404 + -1 + i + -8. Suppose -k + 10 = -2*y - 3*u, y - 2*u - 209 = 0. What is the tens digit of y?
0
Suppose 0 = 30*l - 32*l + 18. Let x be 29/6 + l/54. Suppose -4*j + 5*v = -215, 12*j + 205 = 15*j + x*v. What is the units digit of j?
0
Suppose -3*z = 4*z + 70. Let k be (-38)/(-3) + z/15. What is the hundreds digit of (183/k)/((-4)/(-8))*6?
1
What is the tens digit of ((-1376)/(-258))/(12/14166 - (-1 + 1))?
9
Suppose 2*i + 4*v = 14, -2*i - i - 5*v = -18. What is the tens digit of -6 + (58 - (7 + (-4)/i))?
4
Suppose -88*f = -91*f + 9. Suppose p - 2*y = 15, p + f*y - 12 = -2. What is the units digit of p?
3
What is the ten thousands digit of (-681294)/(-33) + 1 + (-5)/(-55)*-14?
2
Suppose -6412 = -2*s - 3*u, 2*u + 6442 = 34*s - 32*s. What is the hundreds digit of s?
2
Let u be -19 + (-5)/(-2)*((7 - -5) + -10). Let k(w) = 9 + 14*w + 41 - 2*w**2 + 3*w**2. What is the units digit of k(u)?
0
Let s(c) = c**2 - 10*c + 25. Let a be 2/(-6) + (-1604)/12. Let v = a + 124. What is the hundreds digit of s(v)?
2
Suppose -n - 3*y - 6 = -8*y, -2*n - 1 = y. Let b be (n - (-3)/(6/8)) + 3. What is the tens digit of b*(6/4 + 1)?
1
Let x be (1437/(-6))/(10/(-4) + 2). Let g = -268 + x. What is the units digit of g?
1
Let h be (-24)/(-5)*20/6. Let a(l) = 2*l**2 + 5*l - 5. What is the units digit of a(h)?
7
What is the thousands digit of -10*(-12 + (-28)/(-70)*-17418)?
9
Suppose 280054 + 152846 = 50*d. What is the hundreds digit of d?
6
Let v = 45776 - 29609. What is the hundreds digit of v?
1
Suppose 3*g + 2*y - 19 = 0, -5*g + 16 = -8*g + 5*y. Let v(w) = 9*w**3 - 3*w**2 - 5. What is the tens digit of v(g)?
1
Let b(q) = 5*q**2 - 15*q + 46. Let i(z) = z**2 - z - 1. Let l(v) = -b(v) + 6*i(v). What is the tens digit of l(-15)?
3
Let i(a) = a**3 - 6*a**2 - 15*a + 17. Suppose -x + 3 = 0, -2*m - 3 = -x - 2*x. Suppose -18 + 42 = m*c. What is the tens digit of i(c)?
2
Let g = 21 - -4. Suppose -48 + 33 = -3*d. Suppose 4*h - 102 = -d*v, 2*v - 2 = -h + g. What is the tens digit of h?
2
Let z(a) = -a**3 + 11*a**2 - 19*a + 9. Let i be z(9). Let j be 6/12*i/(-2). Suppose j = -3*m + 19 + 227. What is the units digit of m?
2
Suppose -5*t = -0*n + 4*n - 16, 14 = 3*t - 2*n. Let u be 2451/27 - 3/(27/(-2)). Suppose -t*i - 5*z = -4*z - u, 5*i = 2*z + 117. What is the tens digit of i?
2
Let d = 134 + -43. Suppose 357 = -4*z - d. Let b = 159 + z. What is the units digit of b?
7
Let t = 25494 - 11768. What is the tens digit of t?
2
Let x be (0 + -1)/((-11)/22). Let a be (320/24)/5*6/4. Suppose -x*c - 138 = -a*c. What is the units digit of c?
9
Let t be (1 - 12)*5/5*7. Let j = -45 - t. Suppose -l = 4*p - j, -3*l - p = 2*p - 69. What is the tens digit of l?
2
Suppose -a - 29198 = -y, -41*y + 5*a = -38*y - 87604. What is the thousands digit of y?
9
Let h = 5543 - -8582. What is the ten thousands digit of h?
1
Let n be 6/10 + 44/10. Let j be (14/4 + 1 + -3)*26. Suppose -3*h + 122 + j = n*x, 3*h = x - 43. What is the units digit of x?
4
Suppose c + b + 8 - 7 = 0, c = b + 7. Suppose -5*x = -x + 3*k - 1354, 2*k = -c*x + 1015. What is the hundreds digit of x?
3
Suppose k - 3*q = 395, 3*k + q = -789 + 1984. Suppose 2*j = 368 + k. What is the tens digit of j?
8
Let l be (-4 - (-58)/12)*6. Suppose -l*o = -o - 1844. What is the units digit of o?
1
Suppose 6*q + 0*q - 9408 = 0. Suppose -23*z + q = -19*z. Suppose i + 3*i = z. What is the tens digit of i?
9
Let f(s) = -3*s**3 + 5*s**2 + 10*s - 41. Let l(o) = 17*o**3 - 26*o**2 - 51*o + 203. Let z(n) = -11*f(n) - 2*l(n). What is the thousands digit of z(-11)?
1
Suppose t = 3*y + 15, -4*t + 0*t = -2*y - 10. Let a(k) = k + 19. Let g be a(t). Suppose -n - g + 121 = 0. What is the hundreds digit of n?
1
Let j(v) = -79*v - 75. Let g(d) = -81*d - 75. Let z(m) = -6*g(m) + 7*j(m). What is the hundreds digit of z(-10)?
5
What is the hundreds digit of (-6174)/(-5) - (-10)/50?
2
Let h(r) be the first derivative of -r**3/3 - 33*r**2/2 + 47*r + 59. What is the tens digit of h(-27)?
0
Let o(v) = 184*v - 83*v - 105*v + 1724*v**2 - 5. What is the hundreds digit of o(-1)?
7
Let c(u) = 189*u**2 - 17*u - 600. What is the tens digit of c(-12)?
2
Let l(r) = r**3 + 12*r**2 + 13*r + 10. Suppose 4*y = -7 + 27, 0 = -v - 2*y + 13. Suppose u + 10 = t - 2*t, 5*t = v*u - 34. What is the hundreds digit of l(t)?
1
Suppose 0 = 2*q + 2*i + 12, 0*i - 3*i = -q - 22. Suppose 15 = -5*p, 0*j + j - 42 = 5*p. Let u = j - q. What is the units digit of u?
7
What is the thousands digit of 19/((-570)/(-180)) + 0 + 1871?
1
Suppose -132*i + 1476 = -126*i. Let t = 378 + i. What is the tens digit of t?
2
Let n(s) = 4*s**2 + 237*s - 139. What is the units digit of n(-73)?
6
Let c = 6035 - -533. What is the thousands digit of c?
6
Let c be ((-160)/12)/(-8)*-3. What is the tens digit of 20/c - -11 - -116?
2
Suppose 0 = -14*u + 5*u - 423. Let n = 50 + u. Suppose 3*i - 143 = -0*l + 2*l, 5*i + n*l = 251. What is the units digit of i?
9
What is the ten thousands digit of (-5 + -22432 + 4 + 1)/(20/(-50))?
5
Let z = 73511 - -2503